-287791)/(-105) - ((-16)/30)/4 composite?
False
Let t = -13537 - -25496. Is t a prime number?
True
Suppose 57945 - 14506 = 11*s. Is s composite?
True
Let n be 5/10*(-1 + -1245). Let h(z) = -38*z**2 - 4*z + 4. Let y be h(2). Let c = y - n. Is c prime?
True
Let z(w) be the second derivative of 3*w**5/10 - w**4/4 - 5*w**2 - 14*w. Is z(7) a composite number?
False
Let f = -14760 + 35611. Is f composite?
True
Suppose -n + s + 55 = 0, -s = 3*n - 2*n - 53. Is 3/2*20052/n a composite number?
False
Suppose -5*g - 575 = -w, -w - 4*g = -3*w + 1132. Let c = w + -342. Let q = 555 - c. Is q a prime number?
True
Let k = -51 - -53. Suppose 4*q + k*q - 3426 = 0. Is q a composite number?
False
Is 73319/3 + (-792)/297 a prime number?
False
Suppose 5*l = 107599 + 2641. Suppose 0*n + d - l = -3*n, d + 22046 = 3*n. Is n prime?
True
Suppose 4*a = 16, -2*y + 19 = 4*a - 3. Let f(c) = 44*c**2 + 8*c - 5. Is f(y) prime?
False
Is ((-32438)/(-21))/(6/9) a composite number?
True
Let z = -21 + 26. Suppose z*g - 4950 = 3475. Is g a composite number?
True
Suppose 0 = 3*g, -3 = 3*r - g - 9. Let j(q) = -8*q - 14 + r - 4*q**2 + 0*q**2 + 3*q**3. Is j(5) prime?
True
Suppose 6*k - 8*k = 62. Let u = k + 33. Suppose 2*p + 4 = u, 0 = 5*f - 5*p - 850. Is f prime?
False
Suppose -2*q - 1846 + 5333 = g, 3*q = -3*g + 10467. Is g prime?
True
Let w = -5 - -7. Suppose 2*f + 30 = w*a, -3*a + 78 = a + 2*f. Is (3123/(-12))/(a/(-24)) prime?
True
Let h be (-35)/28 - -1 - (-42)/8. Suppose -1025 = -0*v - h*v. Is v composite?
True
Let w = -116 - -412. Is w + 1 - (6 - (6 - -2)) a composite number?
True
Is 19741*1 + (-78)/39 composite?
False
Let t = 7301 + -4284. Is t a prime number?
False
Let n be ((-14)/21)/((-2)/(-18)). Let u be n/(-18) - (-16)/6. Suppose 0 = -2*s - 0*s + 2*h + 184, -u*s + 275 = -2*h. Is s a composite number?
True
Let j(y) = -107*y + 6. Suppose -5*r - 9 = 16. Is j(r) a composite number?
False
Is (-64402)/(-1) - 4/48*12 composite?
True
Let w = -16 - 0. Let u be (-26)/(-10) + w/(-40). Suppose 3*c = l - 3*l + 166, -3*l = -u*c - 249. Is l composite?
False
Let f(k) = 9*k**2 - 15*k - 17. Let s be (-9*(-5)/15)/((-6)/(-22)). Is f(s) prime?
True
Suppose 11173 = n - 4*r, -46*r + 22352 = 2*n - 48*r. Is n composite?
False
Suppose -7*x = 12*x - 38361. Is x prime?
False
Let i(z) = 441*z + 1. Let t be i(4). Let o = t + 130. Is o a prime number?
False
Let i = 12 + -14. Let j be (-4)/6 - i/3. Suppose j*g + g = 111. Is g composite?
True
Let c = -43 - 629. Let o = c + 1099. Is o a prime number?
False
Let a = -2600 - -4803. Is a composite?
False
Is 4669/6 + (-30)/(-36) a composite number?
True
Let z(q) = 28*q**3 + 4*q**2 - 7*q - 2. Let w be z(-3). Let b = w + 1350. Is b a prime number?
False
Suppose -3*n + 995 = -0*n + 2*f, -4*n + 4*f = -1360. Is n composite?
True
Let n(x) = 48*x**2 - 6*x - 35. Suppose 46*w = 43*w - 15. Is n(w) prime?
False
Suppose -2*u = -17*s + 13*s + 83160, -u + 83154 = 4*s. Is s a composite number?
False
Let s be 4/22 - 20280/(-264). Suppose -10*t = -3*t - s. Is t a composite number?
False
Let w = -461 - -13450. Is w a prime number?
False
Is -4*1317*(-63)/108 composite?
True
Let i(c) = -5*c + 2129. Is i(0) prime?
True
Is -3 + 37329 - (7 + -12) prime?
False
Let h = 8663 - -336. Is h a prime number?
True
Let a = 31 - -6. Let f = 74 - a. Is f prime?
True
Let o = 11692 + 747. Is o composite?
True
Suppose -126783 - 1832 = -29*x. Is x prime?
False
Is (-1409)/((-5)/30*3) composite?
True
Suppose 3*q = 3*v - 173871, -8*v + 13*v = 3*q + 289785. Is v a prime number?
False
Suppose r - 732 = 3*r. Let t = 695 + r. Is t a prime number?
False
Let g = -97 - -115. Is (-2622)/(-3) - g/(-6) composite?
False
Let d(u) be the first derivative of -u**4/4 + 2*u**3 + 7*u + 1. Let n be d(-5). Suppose -5*m = j - n, -j - m + 573 = j. Is j a composite number?
True
Suppose -2*o = -o - 98. Suppose -4*u - 221 + 801 = 0. Let d = u - o. Is d a prime number?
True
Suppose -o - 177 = 2*d - 632, -2*o + d = -905. Suppose 2*k = -4*z + 1660, k - o + 40 = -z. Is z prime?
False
Let r = 5 - 3. Let j(w) = 1 - w**3 + 2*w + 3*w - 12*w**r + 1. Is j(-13) prime?
False
Suppose -72084 = -8*s + 4*s. Is s a prime number?
False
Let h(t) = -t**3 + t**2 - 6*t - 6. Let l(a) be the second derivative of a**5/20 - a**4/12 - a**2/2 - 10*a. Let f(x) = -h(x) + l(x). Is f(7) a composite number?
True
Suppose -5*o - 5 = 0, 4*b + o + 14648 - 43955 = 0. Is b a composite number?
True
Let m be (-2 - 0)*(-124)/4. Is (-6)/3 + (m - -7) prime?
True
Let u be 0*(3 - (2 + 0)). Suppose -2*j = -0*h + 3*h - 8, u = -j - 5*h + 4. Suppose 5*i - 2*d = -d + 174, j*i - d - 139 = 0. Is i prime?
False
Let g = 2766 + 1. Is g composite?
False
Suppose 17941 = 3*y - 2*s, y = 5*y + 2*s - 23926. Is y prime?
True
Is 818*(-70)/28*(-123)/15 a prime number?
False
Let l(h) = h**3 + 6*h**2 - 3*h - 6. Let r be l(-6). Let u(t) = -t - 3. Let b be u(r). Is 3 - (3/(-3) + b) a composite number?
False
Suppose 99*l - 100*l = -88. Is (0 + 89)*-2*l/(-176) composite?
False
Let k = 2498 + -927. Let x = k + 632. Is x composite?
False
Suppose 6*v + 2262 = 16944. Is v prime?
True
Let g be 11 - ((-2)/(-2) + 1). Suppose 11*o - 278 = g*o. Is o a prime number?
True
Is -14554*2/(-4) - 4 composite?
True
Let v be 6*(-4)/(-9)*57. Let t be (-5 - -8)*v/6. Let k = 27 + t. Is k prime?
True
Let b(d) = 1225*d**3 - d**2 - 2*d + 1. Is b(2) a prime number?
False
Let p = -17 - -20. Suppose -4*k + p = -7*k. Is 2 + k + (-40)/(-4) composite?
False
Let w = 17 - 14. Suppose -5*h + w*n + 1273 = 0, 0 = 5*n - 3*n + 2. Let s = -157 + h. Is s composite?
False
Let f(q) = 9*q + 4. Suppose -7 = -2*h + m, -h - 3*m = -3*h + 9. Is f(h) composite?
False
Suppose -4*p + 0*z + 5*z + 13 = 0, -p + 5*z = -7. Suppose -p = -l - 0. Suppose 391 = l*x - 75. Is x a prime number?
True
Let w = 5796 - 3165. Is w prime?
False
Let k(q) = -3*q + 3 + 0 - 4*q + 70*q**2. Let c be 24/9*((-65)/10 - -5). Is k(c) a prime number?
True
Let y be 62/(-12) - 1/(-6). Let u(x) = -2*x**3 - 7*x**2 + 11*x - 1. Is u(y) prime?
True
Let c = -7170 + 10922. Suppose -c = -2*l - 6*l. Is l composite?
True
Suppose -r - 14*u + 6143 = -19*u, 4*r = 5*u + 24572. Is r composite?
False
Let z = 5579 - 3186. Is z a composite number?
False
Suppose -a + 1267 = 4*s, -1618 - 2149 = -3*a + 5*s. Is a prime?
True
Suppose f = 2*c - c - 5, c - 11 = 3*f. Suppose 3*a - c*a - 637 = -2*h, 0 = a - 3*h - 617. Is a a prime number?
False
Suppose 5*m + m - 24 = 0. Suppose -4*u - 14 = u + m*z, 0 = 2*u - 4*z. Is u*5/(-10)*15 a prime number?
False
Suppose 111 = -3*a - 4*w + 23, -120 = 4*a + 4*w. Let f = a + 55. Is f a composite number?
False
Let o be (8/20)/(2/10). Suppose 0*t = -o*t - 28. Is (-4)/t + 173/7 a prime number?
False
Suppose -3*r + 36 = -r. Let x = 31 - r. Suppose 4*b + l - 1345 = 0, 0 = -4*l + 1 - x. Is b a prime number?
True
Suppose 22*l - 6*l - 239504 = 0. Is l composite?
False
Let g(x) = -691*x**2 - 9*x + 3. Let t(n) = -1037*n**2 - 13*n + 4. Let i(j) = 7*g(j) - 5*t(j). Is i(2) a composite number?
True
Suppose 7*d = 4*d. Suppose -4*z - 4 + d = 0. Is (0 - 1)/(z/149) prime?
True
Let n(h) = -h**3 - h**2 - 2*h + 6. Let s be n(0). Let p(u) = 109*u + 25. Is p(s) a prime number?
False
Suppose -3*s - 1813 = -2*b, -5*s - 3696 + 671 = -5*b. Let l = 1094 + s. Is l a prime number?
True
Let y(c) = -6*c**3 + c**3 - 12*c - 2*c**2 + 3*c**2 - 7. Is y(-5) composite?
True
Suppose 10*k + 7337 = 11*k - 2*b, 4*k + 5*b = 29361. Is k a prime number?
False
Let b be 2*((-2)/10)/((-8)/(-20)). Let z(l) = -680*l**3 - 3*l**2 + l + 3. Is z(b) composite?
True
Suppose 3*r = -2*a + 385, 4*r + 2*a = -7*r + 1401. Is r prime?
True
Suppose 731*r - 66018 = 725*r. Is r a composite number?
False
Suppose 4*u = 4*g + 4 + 12, -3*g - 12 = -2*u. Suppose 0*y + 10363 = 3*y + d, -3*y + 2*d + 10369 = u. Is y prime?
False
Is (17/2 + 7)/((-2)/(-68)) composite?
True
Suppose 3*j + 0*j = q + 203, -2*j + 130 = -2*q. Let f = j - 2. Is f composite?
False
Let j be 3/7 - (-64)/14. Suppose -2*y + j*h = 16, -4*y + 18 = y + 2*h. Is y/(-1) + 73 + -4 composite?
False
Suppose 39*n = 45*n - 25134. Is n prime?
False
Suppose 1533*l - 23811 = 1530*l. Is l composite?
False
Suppose -2*f + 14 = 3*w - 1, -5*f = 5*w - 30. Suppose 4*z = w*y + 6, z + z = -3*y + 12. Suppose 58 = z*p - 407. Is p composite?
True
Is 12437/4 + 51/(-204) prime?
True
Suppose -5*t = 